{"id":98,"date":"2019-10-11T18:36:39","date_gmt":"2019-10-11T16:36:39","guid":{"rendered":"https:\/\/caova64.fr\/?page_id=98"},"modified":"2020-03-10T17:08:49","modified_gmt":"2020-03-10T16:08:49","slug":"partenaires","status":"publish","type":"page","link":"https:\/\/caova64.fr\/?page_id=98","title":{"rendered":"Partenaires"},"content":{"rendered":"\n<table class=\"wp-block-table is-style-regular\"><tbody><tr><td><a href=\"https:\/\/www.ffve.org\/&amp;action=adherents&amp;option=118&amp;par1=mul&amp;par2=0&amp;par3=0&amp;adherent=346\" target=\"_blank\" rel=\"noreferrer noopener\" aria-label=\"\ufffc (s\u2019ouvre dans un nouvel onglet)\"><img loading=\"lazy\" width=\"150\" height=\"137\" class=\"wp-image-524\" style=\"width: 150px;\" src=\"https:\/\/caova64.fr\/wp-content\/uploads\/2019\/10\/ffve.jpg\" alt=\"\"><\/a><\/td><td>F\u00e9d\u00e9ration Fran\u00e7aise des V\u00e9hicules d\u2019\u00c9poque<br>Adh\u00e9rent n\u00b074<br><a href=\"https:\/\/www.ffve.org\/&amp;action=adherents&amp;option=118&amp;par1=mul&amp;par2=0&amp;par3=0&amp;adherent=346\" target=\"_blank\" rel=\"noreferrer noopener\" aria-label=\"Fiche Club (s\u2019ouvre dans un nouvel onglet)\">Fiche Club<\/a><\/td><\/tr><tr><td><a href=\"https:\/\/www.accorhotels.com\/fr\/hotel-0421-novotel-pau-pyrenees\/index.shtml\" target=\"_blank\" rel=\"noreferrer noopener\" aria-label=\"\ufffc (s\u2019ouvre dans un nouvel onglet)\"><img loading=\"lazy\" width=\"400\" height=\"300\" class=\"wp-image-107\" style=\"width: 150px;\" src=\"https:\/\/caova64.fr\/wp-content\/uploads\/2019\/10\/logo_part_2017-02-20-23-novotel.jpg\" alt=\"\" srcset=\"https:\/\/caova64.fr\/wp-content\/uploads\/2019\/10\/logo_part_2017-02-20-23-novotel.jpg 400w, https:\/\/caova64.fr\/wp-content\/uploads\/2019\/10\/logo_part_2017-02-20-23-novotel-300x225.jpg 300w, https:\/\/caova64.fr\/wp-content\/uploads\/2019\/10\/logo_part_2017-02-20-23-novotel-160x120.jpg 160w\" sizes=\"(max-width: 400px) 100vw, 400px\" \/><\/a><\/td><td><a rel=\"noreferrer noopener\" aria-label=\"Novotel Lescar \n (s\u2019ouvre dans un nouvel onglet)\" href=\"https:\/\/www.accorhotels.com\/fr\/hotel-0421-novotel-pau-pyrenees\/index.shtml\" target=\"_blank\">Novotel Lescar <br><\/a>Avenue Andr\u00e9 Marie Amp\u00e8re<br>64230 Lescar<br>Tel : <a href=\"tel:+33559130404\">+33559130404<\/a> <br>Mail : <a href=\"mailto:H0421@accor.com\">H0421@accor.com<\/a><\/td><\/tr><tr><td><a href=\"https:\/\/www.pau.fr\/accueil\" target=\"_blank\" rel=\"noreferrer noopener\" aria-label=\"\ufffc (s\u2019ouvre dans un nouvel onglet)\"><img loading=\"lazy\" width=\"523\" height=\"393\" class=\"wp-image-111\" style=\"width: 150px;\" src=\"https:\/\/caova64.fr\/wp-content\/uploads\/2019\/10\/Logo_PAU_Ville_RVB.jpg\" alt=\"\" srcset=\"https:\/\/caova64.fr\/wp-content\/uploads\/2019\/10\/Logo_PAU_Ville_RVB.jpg 523w, https:\/\/caova64.fr\/wp-content\/uploads\/2019\/10\/Logo_PAU_Ville_RVB-300x225.jpg 300w, https:\/\/caova64.fr\/wp-content\/uploads\/2019\/10\/Logo_PAU_Ville_RVB-160x120.jpg 160w\" sizes=\"(max-width: 523px) 100vw, 523px\" \/><\/a><\/td><td><a rel=\"noreferrer noopener\" aria-label=\"Mairie de Pau (s\u2019ouvre dans un nouvel onglet)\" href=\"https:\/\/www.pau.fr\/accueil\" target=\"_blank\">Mairie de Pau<\/a><br>Place Royale<br>64000 Pau <br><a href=\"tel:0559278580\">05 59 27 85 80<\/a> <\/td><\/tr><tr><td><a href=\"http:\/\/transports-geze.net\/\" target=\"_blank\" rel=\"noreferrer noopener\" aria-label=\"\ufffc (s\u2019ouvre dans un nouvel onglet)\"><img loading=\"lazy\" width=\"400\" height=\"300\" class=\"wp-image-102\" style=\"width: 150px;\" src=\"https:\/\/caova64.fr\/wp-content\/uploads\/2019\/10\/logo_part_2015-05-06-40-geze.jpg\" alt=\"\" srcset=\"https:\/\/caova64.fr\/wp-content\/uploads\/2019\/10\/logo_part_2015-05-06-40-geze.jpg 400w, https:\/\/caova64.fr\/wp-content\/uploads\/2019\/10\/logo_part_2015-05-06-40-geze-300x225.jpg 300w, https:\/\/caova64.fr\/wp-content\/uploads\/2019\/10\/logo_part_2015-05-06-40-geze-160x120.jpg 160w\" sizes=\"(max-width: 400px) 100vw, 400px\" \/><\/a><\/td><td> <a href=\"http:\/\/transports-geze.net\/\" target=\"_blank\" rel=\"noreferrer noopener\" aria-label=\" (s\u2019ouvre dans un nouvel onglet)\">Transports Geze<\/a><br>Agence de Pau<br>Si\u00e8ge social<br>ZA de Montardon<br>64121 Serres-Castet<br>T\u00e9l. <a href=\"tel:0559331799\">05 59 33 17 99<\/a><\/td><\/tr><tr><td><a href=\"http:\/\/www.hypnelique.com\/\"><img class=\"wp-image-895\" style=\"width: 150px;\" src=\"https:\/\/caova64.fr\/wp-content\/uploads\/2020\/03\/unnamed.png\" alt=\"\"><\/a><\/td><td><a rel=\"noreferrer noopener\" aria-label=\"Hypnelique (s\u2019ouvre dans un nouvel onglet)\" href=\"http:\/\/www.hypnelique.com\/\" target=\"_blank\">Hypnelique<\/a><br>50 Avenue Joliot Curie<br>64140 Lons<br>Tel. <a href=\"tel:0559717490\">05.59.71.74.90<\/a><\/td><\/tr><tr><td><a href=\"https:\/\/agence.mma.fr\/mourenx\/\" target=\"_blank\" rel=\"noreferrer noopener\" aria-label=\"\ufffc (s\u2019ouvre dans un nouvel onglet)\"><img loading=\"lazy\" width=\"400\" height=\"300\" class=\"wp-image-103\" style=\"width: 150px;\" src=\"https:\/\/caova64.fr\/wp-content\/uploads\/2019\/10\/logo_part_2015-05-08-33-mma-mourenx.jpg\" alt=\"\" srcset=\"https:\/\/caova64.fr\/wp-content\/uploads\/2019\/10\/logo_part_2015-05-08-33-mma-mourenx.jpg 400w, https:\/\/caova64.fr\/wp-content\/uploads\/2019\/10\/logo_part_2015-05-08-33-mma-mourenx-300x225.jpg 300w, https:\/\/caova64.fr\/wp-content\/uploads\/2019\/10\/logo_part_2015-05-08-33-mma-mourenx-160x120.jpg 160w\" sizes=\"(max-width: 400px) 100vw, 400px\" \/><\/a><\/td><td><a href=\"https:\/\/agence.mma.fr\/mourenx\/\">MMA<\/a><br>BOITE POSTALE 31<br>17 Place Pierre et Marie Curie<br>64150 Mourenx<br>Tel. <a href=\"tel:0559601704\">0559601704<\/a><\/td><\/tr><tr><td><a href=\"https:\/\/www.pyrenees-batteries.com\/\"><img loading=\"lazy\" width=\"400\" height=\"300\" class=\"wp-image-100\" style=\"width: 150px;\" src=\"https:\/\/caova64.fr\/wp-content\/uploads\/2019\/10\/logo_part_2015-05-06-14-batterie.jpg\" alt=\"\" srcset=\"https:\/\/caova64.fr\/wp-content\/uploads\/2019\/10\/logo_part_2015-05-06-14-batterie.jpg 400w, https:\/\/caova64.fr\/wp-content\/uploads\/2019\/10\/logo_part_2015-05-06-14-batterie-300x225.jpg 300w, https:\/\/caova64.fr\/wp-content\/uploads\/2019\/10\/logo_part_2015-05-06-14-batterie-160x120.jpg 160w\" sizes=\"(max-width: 400px) 100vw, 400px\" \/><\/a><\/td><td><a rel=\"noreferrer noopener\" aria-label=\"Pyr\u00e9n\u00e9es Batteries\n (s\u2019ouvre dans un nouvel onglet)\" href=\"https:\/\/www.pyrenees-batteries.com\/\" target=\"_blank\">Pyr\u00e9n\u00e9es Batteries<br><\/a>4 Rue des Mousquetaires<br>64230 Lescar<br>Tel. <a href=\"tel:0559274203\">05.59.27.42.03 <\/a><br><a href=\"mailto:pyreneesbat.pau@wanadoo.fr\">pyreneesbat.pau@wanadoo.fr<\/a><\/td><\/tr><tr><td><img loading=\"lazy\" width=\"400\" height=\"300\" class=\"wp-image-106\" style=\"width: 150px;\" src=\"https:\/\/caova64.fr\/wp-content\/uploads\/2019\/10\/logo_part_2017-02-20-01-garage-grall-a.jpg\" alt=\"\" srcset=\"https:\/\/caova64.fr\/wp-content\/uploads\/2019\/10\/logo_part_2017-02-20-01-garage-grall-a.jpg 400w, https:\/\/caova64.fr\/wp-content\/uploads\/2019\/10\/logo_part_2017-02-20-01-garage-grall-a-300x225.jpg 300w, https:\/\/caova64.fr\/wp-content\/uploads\/2019\/10\/logo_part_2017-02-20-01-garage-grall-a-160x120.jpg 160w\" sizes=\"(max-width: 400px) 100vw, 400px\" \/><\/td><td>Pardies Automobiles<br>1 avenue du pont de pierre<br>64150 Pardies<br>Tel. <a href=\"tel:0559715881\">0559715881<\/a><br><a href=\"mailto:gralljo@hotmail.fr\">gralljo@hotmail.fr<\/a><\/td><\/tr><tr><td><img loading=\"lazy\" width=\"400\" height=\"300\" class=\"wp-image-101\" style=\"width: 150px;\" src=\"https:\/\/caova64.fr\/wp-content\/uploads\/2019\/10\/logo_part_2015-05-06-34-la-brochetterie.jpg\" alt=\"\" srcset=\"https:\/\/caova64.fr\/wp-content\/uploads\/2019\/10\/logo_part_2015-05-06-34-la-brochetterie.jpg 400w, https:\/\/caova64.fr\/wp-content\/uploads\/2019\/10\/logo_part_2015-05-06-34-la-brochetterie-300x225.jpg 300w, https:\/\/caova64.fr\/wp-content\/uploads\/2019\/10\/logo_part_2015-05-06-34-la-brochetterie-160x120.jpg 160w\" sizes=\"(max-width: 400px) 100vw, 400px\" \/><\/td><td>Restaurant La brochetterie<br>16 Rue Henri IV, <br>64000 Pau <br>Tel. <a href=\"tel:0559274033\">0559274033<\/a><\/td><\/tr><tr><td><img loading=\"lazy\" width=\"400\" height=\"300\" class=\"wp-image-105\" style=\"width: 150px;\" src=\"https:\/\/caova64.fr\/wp-content\/uploads\/2019\/10\/logo_part_2016-12-08-56-manauteok.jpg\" alt=\"\" srcset=\"https:\/\/caova64.fr\/wp-content\/uploads\/2019\/10\/logo_part_2016-12-08-56-manauteok.jpg 400w, https:\/\/caova64.fr\/wp-content\/uploads\/2019\/10\/logo_part_2016-12-08-56-manauteok-300x225.jpg 300w, https:\/\/caova64.fr\/wp-content\/uploads\/2019\/10\/logo_part_2016-12-08-56-manauteok-160x120.jpg 160w\" sizes=\"(max-width: 400px) 100vw, 400px\" \/><\/td><td>Manaute Pneus<br>Rue Jean Zay<br>Zone Indusnor<br>64000 Pau<br>Tel.  <a href=\"tel:0559305850\">05 59 30 58 50<\/a> <\/td><\/tr><\/tbody><\/table>\n\n\n\n<p><\/p>\n","protected":false},"excerpt":{"rendered":"<p>F\u00e9d\u00e9ration Fran\u00e7aise des V\u00e9hicules d\u2019\u00c9poqueAdh\u00e9rent n\u00b074Fiche Club Novotel Lescar Avenue Andr\u00e9 Marie Amp\u00e8re64230 LescarTel : +33559130404 Mail : H0421@accor.com Mairie&hellip;<\/p>\n","protected":false},"author":1,"featured_media":0,"parent":0,"menu_order":0,"comment_status":"closed","ping_status":"closed","template":"","meta":[],"_links":{"self":[{"href":"https:\/\/caova64.fr\/index.php?rest_route=\/wp\/v2\/pages\/98"}],"collection":[{"href":"https:\/\/caova64.fr\/index.php?rest_route=\/wp\/v2\/pages"}],"about":[{"href":"https:\/\/caova64.fr\/index.php?rest_route=\/wp\/v2\/types\/page"}],"author":[{"embeddable":true,"href":"https:\/\/caova64.fr\/index.php?rest_route=\/wp\/v2\/users\/1"}],"replies":[{"embeddable":true,"href":"https:\/\/caova64.fr\/index.php?rest_route=%2Fwp%2Fv2%2Fcomments&post=98"}],"version-history":[{"count":16,"href":"https:\/\/caova64.fr\/index.php?rest_route=\/wp\/v2\/pages\/98\/revisions"}],"predecessor-version":[{"id":896,"href":"https:\/\/caova64.fr\/index.php?rest_route=\/wp\/v2\/pages\/98\/revisions\/896"}],"wp:attachment":[{"href":"https:\/\/caova64.fr\/index.php?rest_route=%2Fwp%2Fv2%2Fmedia&parent=98"}],"curies":[{"name":"wp","href":"https:\/\/api.w.org\/{rel}","templated":true}]}}